isor of 580854 and 25938.
786
What is the highest common factor of 369605244 and 4?
4
What is the greatest common divisor of 375895 and 321035?
65
Calculate the greatest common factor of 22728897 and 129.
129
Calculate the greatest common divisor of 43444032 and 2508.
228
What is the greatest common factor of 9018 and 4207398?
1002
What is the highest common factor of 147 and 50199373?
49
What is the greatest common factor of 177842451 and 285?
57
Calculate the highest common factor of 232507556 and 444.
148
What is the highest common factor of 35213 and 17020?
23
What is the highest common factor of 870 and 670920?
30
Calculate the highest common divisor of 5 and 1205200.
5
What is the highest common factor of 131705 and 18998910?
1855
What is the highest common divisor of 41269340 and 280?
140
Calculate the highest common divisor of 228 and 833739.
57
Calculate the greatest common divisor of 3270 and 6665790.
30
What is the greatest common divisor of 200655 and 15730?
65
What is the greatest common divisor of 1121146 and 1456?
26
Calculate the highest common factor of 208 and 87002799.
13
Calculate the highest common factor of 12252 and 97308447.
3063
What is the greatest common divisor of 58125248 and 93?
31
Calculate the greatest common divisor of 46 and 107139658.
46
Calculate the highest common divisor of 744591 and 115045841.
13063
Calculate the highest common factor of 94242182 and 2146.
74
What is the greatest common factor of 1951566 and 15538?
34
Calculate the highest common factor of 4472 and 179764.
52
Calculate the greatest common divisor of 21867203 and 2036031.
11503
What is the greatest common factor of 468 and 1617356?
52
Calculate the greatest common divisor of 335 and 9275614.
67
What is the highest common factor of 38886038 and 16354?
1258
Calculate the highest common divisor of 5215049 and 4479.
1493
Calculate the greatest common factor of 22055 and 88612579.
4411
Calculate the highest common factor of 117110 and 26530.
70
Calculate the greatest common factor of 1720 and 499832.
344
What is the greatest common factor of 447 and 11125?
1
What is the greatest common factor of 895 and 226125?
5
Calculate the greatest common divisor of 4088196 and 35.
7
Calculate the highest common factor of 141225 and 19096.
7
What is the greatest common factor of 793 and 177408374?
793
Calculate the greatest common divisor of 413718 and 234.
6
Calculate the highest common factor of 233755817 and 118.
59
Calculate the highest common factor of 42546 and 105658.
14
Calculate the highest common divisor of 51 and 9010000.
17
Calculate the highest common factor of 609765 and 8190.
195
What is the highest common factor of 25567452 and 36?
36
Calculate the greatest common divisor of 83 and 85893131.
83
Calculate the highest common factor of 88 and 2722408.
8
Calculate the highest common factor of 850 and 285566.
34
What is the highest common factor of 120491 and 1903?
1
What is the greatest common divisor of 50 and 2965915650?
50
What is the highest common divisor of 2990 and 29860?
10
Calculate the highest common factor of 180 and 140865570.
90
Calculate the highest common divisor of 9568 and 2082236.
1196
Calculate the greatest common divisor of 32277 and 1355025.
609
Calculate the greatest common factor of 333836868 and 708.
708
What is the greatest common divisor of 13202 and 375109?
287
What is the greatest common factor of 1607001 and 121847?
2299
What is the greatest common divisor of 551 and 138930793?
551
Calculate the greatest common factor of 1654 and 152215966.
1654
Calculate the highest common divisor of 1122 and 4421598.
102
Calculate the highest common factor of 36 and 90663.
3
Calculate the highest common factor of 10503136 and 448.
224
What is the highest common divisor of 3974955 and 3165?
15
Calculate the highest common divisor of 1280790 and 6384.
798
Calculate the highest common divisor of 15525 and 455376195.
3105
What is the highest common factor of 23 and 602860544?
23
Calculate the greatest common divisor of 33922 and 172438.
14
What is the highest common factor of 229880256 and 384?
192
Calculate the greatest common divisor of 11780 and 758480.
380
What is the highest common divisor of 9087132 and 973074?
7662
Calculate the greatest common divisor of 3656365 and 705.
235
What is the highest common factor of 60795544 and 2472?
824
What is the greatest common divisor of 32481 and 10224297?
3609
Calculate the greatest common factor of 11360 and 349249.
71
Calculate the highest common factor of 48297575 and 11925.
1325
Calculate the greatest common factor of 23606780 and 1260.
20
Calculate the highest common divisor of 788 and 82876718.
394
Calculate the highest common divisor of 1331 and 153329.
11
What is the highest common divisor of 22728800 and 2400?
800
Calculate the highest common factor of 14 and 2008104.
14
Calculate the highest common factor of 4296938 and 99327.
113
What is the highest common divisor of 948 and 96470613?
237
What is the greatest common divisor of 5771700 and 540?
180
What is the highest common divisor of 198305 and 6205?
85
Calculate the highest common divisor of 6120 and 243729.
153
Calculate the highest common divisor of 118864 and 5338.
34
Calculate the highest common factor of 33347473 and 1271.
41
What is the greatest common factor of 270601 and 31?
1
What is the highest common factor of 161717216 and 32?
32
What is the highest common factor of 1907845 and 65?
5
What is the highest common factor of 18941416 and 1456?
104
What is the greatest common divisor of 16403 and 473337?
47
Calculate the greatest common divisor of 669 and 168583317.
669
Calculate the greatest common factor of 30 and 49637196.
6
What is the greatest common divisor of 275 and 167619705?
55
What is the highest common divisor of 322386681 and 894?
447
Calculate the highest common factor of 36977 and 127926.
103
What is the greatest common divisor of 6399972 and 1296?
324
Calculate the highest common factor of 10582 and 165548878.
814
What is the greatest common divisor of 177289883 and 103?
103
What is the greatest common divisor of 418376000 and 2000?
2000
Calculate the highest common factor of 276192 and 29897.
7
What is the greatest common divisor of 87291 and 5094?
9
What is the greatest common factor of 1331 and 1260668629?
1331
What is the highest common divisor of 69376925 and 3175?
3175
Calculate the greatest common divisor of 120742582 and 692.
346
Calculate the highest common divisor of 147143 and 111041.
547
What is the greatest common factor of 153916 and 52164?
644
Calculate the highest common factor of 176 and 31544.
8
What is the greatest common factor of 60586 and 218?
2
What is the greatest common factor of 7 and 32410847?
7
Calculate the highest common factor of 19692 and 315552.
12
Calculate the highest common factor of 2585012 and 4.
4
Calculate the highest common divisor of 91914 and 528.
6
Calculate the highest common factor of 88 and 129734572.
44
What is the highest common factor of 8014 and 980488858?
8014
Calculate the highest common divisor of 13658814 and 156.
78
What is the greatest common divisor of 235190379 and 19?
19
What is the highest common factor of 7 and 1612471?
7
What is the greatest common divisor of 3835346 and 5254?
74
What is the greatest common divisor of 59081 and 23647734?
451
Calculate the highest common factor of 1456506 and 450.
18
Calculate the greatest common divisor of 816 and 30280468.
68
What is the highest common factor of 51 and 111639391?
17
Calculate the highest common factor of 656 and 409999672.
328
Calculate the highest common divisor of 17847 and 909489069.
5949
Calculate the greatest common factor of 1380054775 and 22.
11
What is the greatest common divisor of 210430 and 29790?
10
What is the highest common divisor of 12060654 and 1979537?
7643
Calculate the greatest common factor of 392 and 34196120.
392
What is the highest common divisor of 8010 and 52827730?
890
Calculate the greatest common divisor of 8639610 and 942.
6
Calculate the highest common divisor of 13673432 and 52448.
1192
Calculate the highest common factor of 151962 and 13495206.
4902
Calculate the highest common divisor of 19269614 and 11075.
443
Calculate the greatest common factor of 7070